{"id":14,"date":"2011-10-17T22:32:49","date_gmt":"2011-10-17T20:32:49","guid":{"rendered":"http:\/\/www.grund-wert.ch\/Wordpress\/?page_id=14"},"modified":"2019-09-24T15:04:23","modified_gmt":"2019-09-24T13:04:23","slug":"ich-bin","status":"publish","type":"page","link":"https:\/\/www.grund-wert.ch\/","title":{"rendered":"_grund_WERT IST."},"content":{"rendered":"<h3>&#8211; Projektentwicklung<\/h3>\n<h3>&#8211; Bauherrenberatung<\/h3>\n<h3>&#8211; Bautreuhand (auch international)<\/h3>\n<h3>&#8211; Verfahrensbegleitung<\/h3>\n<h3>&#8211; Immobilienanalytik<\/h3>\n<h3>&#8211; Strategieberatung<\/h3>\n<p><img loading=\"lazy\" decoding=\"async\" class=\"size-thumbnail wp-image-245 alignleft\" src=\"https:\/\/www.grund-wert.ch\/Wordpress\/wp-content\/uploads\/2019\/09\/sam1_sw-150x150.jpg\" alt=\"\" width=\"150\" height=\"150\" srcset=\"https:\/\/www.grund-wert.ch\/Wordpress\/wp-content\/uploads\/2019\/09\/sam1_sw-150x150.jpg 150w, https:\/\/www.grund-wert.ch\/Wordpress\/wp-content\/uploads\/2019\/09\/sam1_sw-300x300.jpg 300w, https:\/\/www.grund-wert.ch\/Wordpress\/wp-content\/uploads\/2019\/09\/sam1_sw-768x768.jpg 768w, https:\/\/www.grund-wert.ch\/Wordpress\/wp-content\/uploads\/2019\/09\/sam1_sw.jpg 798w\" sizes=\"auto, (max-width: 150px) 100vw, 150px\" \/><\/p>\n<p><strong>Samuel Scherrer, dipl. Architekt ETH SIA<\/strong><\/p>\n<p><strong>Geboren 1972. Studien Universit\u00e4t St. Gallen, ETH Z\u00fcrich und TU Delft, Diplom ETH 2002<\/strong><\/p>\n<p><strong>Gr\u00fcndung des B\u00fcros _grund_WERT im Jahr 2011.<\/strong><\/p>\n<p><strong>Langj\u00e4hrige Berufserfahrung als Partner in einem Schweizer Architekturb\u00fcro. Leistungsausweise in den Bereichen Wettbewerbswesen, Konzeption, Projektentwicklung, Projektleitung und Beratung f\u00fcr private, \u00f6ffentliche und institutionelle Bauherren in der Schweiz und international. Ausgepr\u00e4gte Kompetenzen in der strategischen Entwicklung sowie der Integration und Moderation unterschiedlichster Anspruchsgruppen innerhalb eines Projektes.<\/strong><\/p>\n<p><strong>Gewandt und pr\u00e4zise im Umgang mit Text,\u00a0 Skizzierstift und Taschenrechner um Sachverhalte anschaulich zu vermitteln. Ist unabh\u00e4ngig doch in der Branche und \u00fcber diese hinaus breit vernetzt.<br \/>\n<\/strong><\/p>\n<p><strong>Ber\u00e4t und unterst\u00fctzt sie zielgerichtet und ganzheitlich in allen immobilienbezogenen Fragestellungen.<br \/>\n<\/strong><\/p>\n<p><a title=\"DOWNLOADS\" href=\"https:\/\/www.grund-wert.ch\/?page_id=45\">DOWNLOADS<\/a><\/p>\n<p><a title=\"ICH KANN.\" href=\"https:\/\/www.grund-wert.ch\/?page_id=26\"><img loading=\"lazy\" decoding=\"async\" class=\"alignright size-full wp-image-141\" title=\"grey\" src=\"https:\/\/www.grund-wert.ch\/Wordpress\/wp-content\/uploads\/2011\/10\/grey.jpg\" alt=\"\" width=\"40\" height=\"39\" \/><\/a><\/p>\n","protected":false},"excerpt":{"rendered":"<p>&#8211; Projektentwicklung &#8211; Bauherrenberatung &#8211; Bautreuhand (auch international) &#8211; Verfahrensbegleitung &#8211; Immobilienanalytik &#8211; Strategieberatung Samuel Scherrer, dipl. Architekt ETH SIA Geboren 1972. Studien Universit\u00e4t St. Gallen, ETH Z\u00fcrich und TU Delft, Diplom ETH 2002 Gr\u00fcndung des B\u00fcros _grund_WERT im Jahr 2011. Langj\u00e4hrige Berufserfahrung als Partner in einem Schweizer Architekturb\u00fcro. Leistungsausweise in den Bereichen Wettbewerbswesen, Konzeption, [&hellip;]<\/p>\n","protected":false},"author":1,"featured_media":0,"parent":0,"menu_order":4,"comment_status":"closed","ping_status":"closed","template":"","meta":{"footnotes":""},"class_list":["post-14","page","type-page","status-publish","hentry"],"_links":{"self":[{"href":"https:\/\/www.grund-wert.ch\/index.php?rest_route=\/wp\/v2\/pages\/14","targetHints":{"allow":["GET"]}}],"collection":[{"href":"https:\/\/www.grund-wert.ch\/index.php?rest_route=\/wp\/v2\/pages"}],"about":[{"href":"https:\/\/www.grund-wert.ch\/index.php?rest_route=\/wp\/v2\/types\/page"}],"author":[{"embeddable":true,"href":"https:\/\/www.grund-wert.ch\/index.php?rest_route=\/wp\/v2\/users\/1"}],"replies":[{"embeddable":true,"href":"https:\/\/www.grund-wert.ch\/index.php?rest_route=%2Fwp%2Fv2%2Fcomments&post=14"}],"version-history":[{"count":21,"href":"https:\/\/www.grund-wert.ch\/index.php?rest_route=\/wp\/v2\/pages\/14\/revisions"}],"predecessor-version":[{"id":246,"href":"https:\/\/www.grund-wert.ch\/index.php?rest_route=\/wp\/v2\/pages\/14\/revisions\/246"}],"wp:attachment":[{"href":"https:\/\/www.grund-wert.ch\/index.php?rest_route=%2Fwp%2Fv2%2Fmedia&parent=14"}],"curies":[{"name":"wp","href":"https:\/\/api.w.org\/{rel}","templated":true}]}}

<h3>&#8211; Projektentwicklung</h3>
<h3>&#8211; Bauherrenberatung</h3>
<h3>&#8211; Bautreuhand (auch international)</h3>
<h3>&#8211; Verfahrensbegleitung</h3>
<h3>&#8211; Immobilienanalytik</h3>
<h3>&#8211; Strategieberatung</h3>
<p><img loading="lazy" decoding="async" class="size-thumbnail wp-image-245 alignleft" src="https://www.grund-wert.ch/Wordpress/wp-content/uploads/2019/09/sam1_sw-150x150.jpg" alt="" width="150" height="150" srcset="https://www.grund-wert.ch/Wordpress/wp-content/uploads/2019/09/sam1_sw-150x150.jpg 150w, https://www.grund-wert.ch/Wordpress/wp-content/uploads/2019/09/sam1_sw-300x300.jpg 300w, https://www.grund-wert.ch/Wordpress/wp-content/uploads/2019/09/sam1_sw-768x768.jpg 768w, https://www.grund-wert.ch/Wordpress/wp-content/uploads/2019/09/sam1_sw.jpg 798w" sizes="auto, (max-width: 150px) 100vw, 150px" /></p>
<p><strong>Samuel Scherrer, dipl. Architekt ETH SIA</strong></p>
<p><strong>Geboren 1972. Studien Universität St. Gallen, ETH Zürich und TU Delft, Diplom ETH 2002</strong></p>
<p><strong>Gründung des Büros _grund_WERT im Jahr 2011.</strong></p>
<p><strong>Langjährige Berufserfahrung als Partner in einem Schweizer Architekturbüro. Leistungsausweise in den Bereichen Wettbewerbswesen, Konzeption, Projektentwicklung, Projektleitung und Beratung für private, öffentliche und institutionelle Bauherren in der Schweiz und international. Ausgeprägte Kompetenzen in der strategischen Entwicklung sowie der Integration und Moderation unterschiedlichster Anspruchsgruppen innerhalb eines Projektes.</strong></p>
<p><strong>Gewandt und präzise im Umgang mit Text,  Skizzierstift und Taschenrechner um Sachverhalte anschaulich zu vermitteln. Ist unabhängig doch in der Branche und über diese hinaus breit vernetzt.<br />
</strong></p>
<p><strong>Berät und unterstützt sie zielgerichtet und ganzheitlich in allen immobilienbezogenen Fragestellungen.<br />
</strong></p>
<p><a title="DOWNLOADS" href="https://www.grund-wert.ch/?page_id=45">DOWNLOADS</a></p>
<p><a title="ICH KANN." href="https://www.grund-wert.ch/?page_id=26"><img loading="lazy" decoding="async" class="alignright size-full wp-image-141" title="grey" src="https://www.grund-wert.ch/Wordpress/wp-content/uploads/2011/10/grey.jpg" alt="" width="40" height="39" /></a></p>

<p>&#8211; Projektentwicklung &#8211; Bauherrenberatung &#8211; Bautreuhand (auch international) &#8211; Verfahrensbegleitung &#8211; Immobilienanalytik &#8211; Strategieberatung Samuel Scherrer, dipl. Architekt ETH SIA Geboren 1972. Studien Universität St. Gallen, ETH Zürich und TU Delft, Diplom ETH 2002 Gründung des Büros _grund_WERT im Jahr 2011. Langjährige Berufserfahrung als Partner in einem Schweizer Architekturbüro. Leistungsausweise in den Bereichen Wettbewerbswesen, Konzeption, [&hellip;]</p>
